culate the remainder when 2276 is divided by 179.
128
What is the remainder when 15096741 is divided by 656380?
1
What is the remainder when 1301440 is divided by 38276?
56
What is the remainder when 65701 is divided by 1639?
141
Calculate the remainder when 17164000 is divided by 1861.
1858
Calculate the remainder when 60576591 is divided by 13.
10
What is the remainder when 2665097 is divided by 533015?
22
Calculate the remainder when 3758946 is divided by 3371.
281
What is the remainder when 17102 is divided by 17004?
98
Calculate the remainder when 961369 is divided by 23446.
83
Calculate the remainder when 4812122 is divided by 81.
74
Calculate the remainder when 261632911 is divided by 231.
1
What is the remainder when 121019 is divided by 7132?
6907
Calculate the remainder when 13321981 is divided by 530.
431
What is the remainder when 242270 is divided by 3745?
2590
What is the remainder when 25503491 is divided by 41?
15
Calculate the remainder when 6111362 is divided by 368.
354
Calculate the remainder when 1019796 is divided by 769.
102
What is the remainder when 15972571 is divided by 20?
11
What is the remainder when 676588 is divided by 6209?
6016
What is the remainder when 9944923 is divided by 100?
23
Calculate the remainder when 3998063 is divided by 69.
65
What is the remainder when 21057 is divided by 5261?
13
What is the remainder when 68360384 is divided by 723?
11
What is the remainder when 30959 is divided by 1066?
45
Calculate the remainder when 111577 is divided by 26.
11
What is the remainder when 87509 is divided by 7271?
257
What is the remainder when 15411 is divided by 15298?
113
What is the remainder when 2229431 is divided by 23?
18
What is the remainder when 9738142 is divided by 156?
154
What is the remainder when 281053 is divided by 1853?
1250
What is the remainder when 37628 is divided by 556?
376
Calculate the remainder when 1497497 is divided by 250.
247
Calculate the remainder when 916374 is divided by 3790.
2984
Calculate the remainder when 34565753 is divided by 33.
2
What is the remainder when 7739581 is divided by 430?
11
What is the remainder when 36772 is divided by 573?
100
Calculate the remainder when 29697774 is divided by 6497.
6484
What is the remainder when 22097031 is divided by 24?
15
What is the remainder when 819484 is divided by 7890?
6814
Calculate the remainder when 2307704 is divided by 329672.
0
What is the remainder when 7174989 is divided by 118?
117
What is the remainder when 155251 is divided by 1194?
31
Calculate the remainder when 61133617 is divided by 694700.
17
Calculate the remainder when 204757 is divided by 14346.
3913
Calculate the remainder when 1469695 is divided by 489896.
7
What is the remainder when 222338 is divided by 1039?
1031
What is the remainder when 137948 is divided by 596?
272
What is the remainder when 544887 is divided by 593?
513
What is the remainder when 45701911 is divided by 1273?
1211
Calculate the remainder when 26001121 is divided by 240.
1
What is the remainder when 43993 is divided by 6836?
2977
Calculate the remainder when 640839 is divided by 213527.
258
What is the remainder when 791837 is divided by 838?
765
What is the remainder when 1520354 is divided by 217149?
311
Calculate the remainder when 22409 is divided by 3634.
605
What is the remainder when 164057 is divided by 3278?
157
Calculate the remainder when 98544158 is divided by 55.
53
What is the remainder when 91073 is divided by 2524?
209
Calculate the remainder when 3139600 is divided by 16.
0
Calculate the remainder when 420557 is divided by 1587.
2
Calculate the remainder when 639960 is divided by 639901.
59
What is the remainder when 75164 is divided by 2141?
229
Calculate the remainder when 222510 is divided by 18498.
534
What is the remainder when 1423587 is divided by 1588?
739
Calculate the remainder when 120277 is divided by 1896.
829
What is the remainder when 28111613 is divided by 17826?
11
Calculate the remainder when 1704112 is divided by 277.
8
What is the remainder when 3049678 is divided by 10373?
16
Calculate the remainder when 10202190 is divided by 52.
50
Calculate the remainder when 35392 is divided by 8626.
888
What is the remainder when 225742 is divided by 30?
22
What is the remainder when 18868333 is divided by 698?
695
Calculate the remainder when 7512 is divided by 18.
6
What is the remainder when 753286 is divided by 798?
772
What is the remainder when 221812 is divided by 44316?
232
What is the remainder when 1194529 is divided by 36?
13
Calculate the remainder when 42833 is divided by 408.
401
Calculate the remainder when 15078 is divided by 1411.
968
Calculate the remainder when 13860430 is divided by 566.
222
What is the remainder when 1089614 is divided by 1587?
932
Calculate the remainder when 96889000 is divided by 271.
267
Calculate the remainder when 414702 is divided by 2269.
1744
Calculate the remainder when 538944 is divided by 9509.
6440
Calculate the remainder when 213383722 is divided by 35.
27
Calculate the remainder when 12547 is divided by 10011.
2536
What is the remainder when 1833604 is divided by 3001?
2994
Calculate the remainder when 192917 is divided by 16072.
53
What is the remainder when 566939 is divided by 2148?
2015
Calculate the remainder when 895001 is divided by 267.
17
Calculate the remainder when 186150 is divided by 3045.
405
What is the remainder when 93824 is divided by 381?
98
What is the remainder when 338664267 is divided by 42?
39
What is the remainder when 114787803 is divided by 59?
58
Calculate the remainder when 34889674 is divided by 884.
846
What is the remainder when 6746347 is divided by 240?
187
What is the remainder when 130672 is divided by 454?
374
Calculate the remainder when 394224 is divided by 882.
852
What is the remainder when 273966 is divided by 613?
568
What is the remainder when 2032089 is divided by 27?
15
What is the remainder when 4321 is divided by 2078?
165
Calculate the remainder when 22369479 is divided by 202.
201
Calculate the remainder when 11291912 is divided by 56.
16
Calculate the remainder when 6402 is divided by 1227.
267
Calculate the remainder when 7103735 is divided by 2025.
35
What is the remainder when 2282422 is divided by 2282347?
75
Calculate the remainder when 560684543 is divided by 4916.
4911
What is the remainder when 52801 is divided by 1940?
421
Calculate the remainder when 2259459 is divided by 2213.
2199
Calculate the remainder when 50009728 is divided by 20052.
40
What is the remainder when 37142550 is divided by 50950?
0
Calculate the remainder when 1147415 is divided by 209.
5
Calculate the remainder when 6176105 is divided by 23306.
15
What is the remainder when 4028959 is divided by 29844?
19
What is the remainder when 58394057 is divided by 452667?
14
What is the remainder when 459159 is divided by 35308?
155
Calculate the remainder when 200830 is divided by 159.
13
Calculate the remainder when 12814342 is divided by 628.
2
What is the remainder when 20502655 is divided by 103?
93
What is the remainder when 400444 is divided by 400441?
3
What is the remainder when 40326686 is divided by 271?
260
Calculate the remainder when 76149415 is divided by 1043.
1028
What is the remainder when 57418 is divided by 1793?
42
What is the remainder when 516581 is divided by 3585?
341
Calculate the remainder when 10992916 is divided by 1614.
1576
Calculate the remainder when 12773952 is divided by 2526.
2496
Calculate the remainder when 25634177 is divided by 11.
8
Calculate the remainder when 286001159 is divided by 6.
5
What is the remainder when 738322 is divided by 256?
18
Calculate the remainder when 6079 is divided by 59.
2
Calculate the remainder when 225406 is divided by 7.
6
Calculate the remainder when 83417599 is divided by 2660.
2659
Calculate the remainder when 211410 is divided by 276.
270
Calculate the remainder when 623254 is divided by 521.
138
Calculate the remainder when 1820429 is divided by 72811.
154
What is the remainder when 6867822 is divided by 82?
76
Calculate the remainder when 639583 is divided by 638375.
1208
What is the remainder when 558851419 is divided by 3953?
3950
Calculate the remainder when 792054 is divided by 2890.
194
What is t